s the remainder when 47 is divided by z?
11
Suppose -310 = -5*l + 5*y, 3*l - 260 = 2*y - 78. Calculate the remainder when l is divided by 30.
28
Suppose 0 = s + 16 - 5. Let w = s + 26. What is the remainder when 44 is divided by w?
14
Let i(p) = -p**2 - p + 7. Let l be i(0). Let b = l + 3. What is the remainder when 17 is divided by b?
7
What is the remainder when (-2)/(-4)*328/4 is divided by 14?
13
Calculate the remainder when (77/33)/(2/42) is divided by 13.
10
Let t = 35 + -8. Calculate the remainder when t is divided by 14.
13
Let t = -4 + 16. Calculate the remainder when 22 is divided by t.
10
Suppose 4*f = 35 + 5. Let b(v) = 9*v + v**2 - 6 + v**3 + 2*v**2 - v**2 + 7*v**2. Calculate the remainder when b(-7) is divided by f.
9
Let s(t) = -5*t - 5. Let l(q) = q**3 + 8*q**2 + 8*q + 2. Let a be l(-7). Let j(v) = -2*v + 1. What is the remainder when s(a) is divided by j(-3)?
6
Let n be 688/(-7) + 2/7. Let p = 203 + -62. Let q = p + n. Calculate the remainder when q is divided by 15.
13
Let q(z) be the first derivative of -z**4/4 - 5*z**3/3 - 5*z**2/2 + 2*z - 4. Calculate the remainder when q(-4) is divided by 4.
2
Suppose 4*d - 164 = 76. Suppose -2*l + 5*l - 36 = -4*b, -2*b + l + 28 = 0. Calculate the remainder when (-5)/(-2)*816/d is divided by b.
10
Let m(g) = g**3 + 4*g**2 - 5*g + 5. Let f be m(-5). Suppose -u + 4 = -f*u. Calculate the remainder when 62 is divided by (1 - -6)/(u/(-3)).
20
Calculate the remainder when 142 is divided by (-1)/(((-115)/(-29) - 2) + -2).
26
Let s = 21 - 10. What is the remainder when 43 is divided by s?
10
Let i = 0 - -3. Suppose 0*g - i*g + 102 = 0. Suppose 4*u - 41 = -5*s, 2*u + 4 = -2*u. Calculate the remainder when g is divided by s.
7
Suppose 5*x = 4*x + 7. Let c be (1 + 1)/(4/8). Suppose c*l - 6 = 10. Calculate the remainder when x is divided by l.
3
Let d = -1 + 16. What is the remainder when d is divided by 8?
7
Suppose -4*w = -4*z + 28, -z + 3*z - 4*w - 22 = 0. Suppose -2*x - z*x = -65. What is the remainder when x is divided by (-20)/(-4) + 2/1?
6
Let z = -98 + 102. Let b = 5 - -1. Calculate the remainder when b is divided by z.
2
Suppose 4*i + 25 = -i, -2*n + i - 23 = 0. Suppose d + 13 = -j + 2*j, 2*j + 4*d - 20 = 0. What is the remainder when (-2)/((-8)/n)*-10 is divided by j?
11
Suppose -2*o - 5*p = -0*p - 61, 4*o - 5*p - 47 = 0. Calculate the remainder when 34 is divided by o.
16
Let f = 116 + -73. What is the remainder when f is divided by 2*(-1)/(-7) + (-750)/(-70)?
10
Let g(s) = -s**2 - 9*s + 17. What is the remainder when g(-7) is divided by 16?
15
Let a(y) = -2*y - 5. Let r(k) = k + 2. Let m(v) = -6*a(v) - 11*r(v). What is the remainder when 29 is divided by m(7)?
14
Let g = -10 + 14. Suppose 222 = 2*y + 3*t - 26, g*t + 666 = 5*y. Suppose 0 = -5*u + y - 25. Calculate the remainder when u is divided by 11.
10
Let m(d) = d + 1. Let f(q) = -6*q + 1. Let v be (-1)/(-1 - (2 + -4)). Let w(o) = v*f(o) - 3*m(o). Calculate the remainder when 32 is divided by w(5).
10
Suppose 0*x - 11 = x + 5*i, -4*x - i + 13 = 0. Suppose -2*s = 3*b - 54, 6*s - x*b = 2*s + 128. Calculate the remainder when s is divided by 8.
6
Let r = -2 - -16. Suppose g - 120 = -2*g. Calculate the remainder when g is divided by r.
12
Let d = 4 - 6. Let t = d + 4. Calculate the remainder when (1/3)/((-2)/(-18)) is divided by t.
1
Suppose 4*f - 4*b - 124 = 0, -3*f + 0*b - 3*b = -123. Calculate the remainder when f is divided by 13.
10
Let j = 8 - 5. Suppose m + j = 2*m. What is the remainder when 8 is divided by m?
2
Let r(b) = 4*b**2 + 3*b + 7. Calculate the remainder when r(4) is divided by 14.
13
Suppose 5*k - 2*t - 14 = 0, 18 = 5*k + t - 5*t. Suppose 4*w + w = r + 84, -k*w + 36 = -r. Calculate the remainder when 46 is divided by w.
14
Let m(u) = -5*u - 2. What is the remainder when 29 is divided by m(-2)?
5
Let f(u) = -u**3 + 4*u**2 + 4*u - 1. Let x = 166 - 139. What is the remainder when x is divided by f(4)?
12
Suppose 2*o + 9 = -j + 36, 4 = -o - 4*j. Let i be 6*(-42)/(-4) + -3. Suppose 0 = -2*k + i. Calculate the remainder when k is divided by o.
14
Let q(n) = 31*n. Suppose v - 5*v + 84 = 0. Calculate the remainder when q(2) is divided by v.
20
Let f = -18 + 41. Calculate the remainder when (66/5)/((-6)/(-20)) is divided by f.
21
Suppose 2*u + 6 = -u. Let a be 1 - (u + 1)*-1. Suppose 0 = n + 4*o + 10, n - 3*o + a*o = 18. Calculate the remainder when 15 is divided by n.
3
Suppose 0 = -0*a + 3*a + 2*d - 120, -d - 171 = -4*a. What is the remainder when a is divided by 15?
12
Let b(o) = o**2 + 8*o + 7. Let c(d) = 7*d**3 - d**2 - d - 1. Let z be c(-1). Let r be (0 - 0)/2 + z. What is the remainder when 20 is divided by b(r)?
6
What is the remainder when 140 + 1 + 1 - -4 is divided by 21?
20
Let u(h) = 41*h**2 - 2*h + 1. Suppose -5*p + 4 = -1. What is the remainder when u(p) is divided by 14?
12
Suppose g + 9 = 37. Let u = 36 + -20. Suppose 34 - 2 = 3*b + t, b = -3*t + u. Calculate the remainder when g is divided by b.
8
Let b(x) = -8*x**2 + 2*x - 1. Let q be b(2). Let i = -18 - q. What is the remainder when 32 is divided by i?
10
Let n = 18 + 2. What is the remainder when 37 is divided by n?
17
Let f = 45 - 32. What is the remainder when 37 is divided by f?
11
Suppose 3*s = 5*x - 6, -x + 5*s - 9 - 3 = 0. What is the remainder when 2/(-10) - (-189)/45 is divided by x?
1
Let h be 28 - (3 + (-10)/2). Suppose -5*a = -2*a + h. What is the remainder when 34 is divided by (38/a + 2)*-5?
7
Let l be (-254)/(-8) - (-7)/28. Let c = l - 19. Suppose 3*u - c = 2. Calculate the remainder when 14 is divided by u.
4
Let q(o) = -3*o - 35. What is the remainder when 10 is divided by q(-14)?
3
Let p = 16 - 9. What is the remainder when p is divided by 5?
2
Let x(w) = -7*w + 2. Calculate the remainder when x(-4) is divided by 11.
8
Suppose 2*k - u = u - 2, -k - 4*u = -4. Let j(w) = w**2 - w + 56. Calculate the remainder when j(k) is divided by 29.
27
Let h be 4/(-10) - 186/(-15). Let m = -3 + h. What is the remainder when m is divided by 5?
4
Let s(t) be the third derivative of 1/6*t**3 + 0 + 0*t - 1/24*t**4 + 1/60*t**5 + t**2. What is the remainder when s(0) is divided by 1?
0
Let k be 20/(-3)*(-39)/26. Suppose 2*q - 2 = k. Calculate the remainder when 8 is divided by q.
2
Suppose -b - 2*b = -9. Suppose 4*u - 50 = -d, -4*d - 22 = -b*u + 25. What is the remainder when u is divided by 4?
1
Let z = 13 - -3. Calculate the remainder when 46 is divided by z.
14
Calculate the remainder when 49 is divided by 1/3*(-78)/(-1).
23
Suppose 13 = -2*m + 139. Suppose 28*h = 27*h + 4. Let i = m - h. What is the remainder when i is divided by 20?
19
Suppose 2*t - 55 = 1. Let i be (-2 + 4)*(-12)/(-6). Calculate the remainder when t is divided by (-6)/(-3) - (-12 + i).
8
Suppose q + 99 = 5*j, -3*q + 37 = 3*j + 2*q. Suppose 0 = 10*l - 32*l + 792. What is the remainder when l is divided by j?
17
Let u = 34 - -16. Calculate the remainder when u is divided by 13.
11
Suppose -b = -4*b - 6. Calculate the remainder when 1 + b - 23/(-1) is divided by 12.
10
Suppose 0*r + 4*r + 7 = j, -2*r = 5*j - 101. What is the remainder when 56 is divided by j?
18
Let x = 200 + -120. Suppose 3*u + 0*u - 4*g = x, 4*g - 144 = -5*u. What is the remainder when u is divided by 15?
13
Let n = -11 - -40. Let p(h) = -h**3 - 7*h**2 - 7*h + 4. Calculate the remainder when n is divided by p(-6).
9
Let g = 30 + -19. Calculate the remainder when 42 is divided by g.
9
Suppose -4*m - 5*d + 2*d + 13 = 0, 5*m + 5*d - 15 = 0. Suppose -f = m*p - 5*f - 24, -3*f = -p - 4. What is the remainder when 30 is divided by p?
8
Suppose 0 = 6*k + 5 - 35. What is the remainder when 34 is divided by k?
4
Let n(x) = 3 + 23*x - 2 + 14*x + 2. Let v(o) = 3*o**2 - 2*o. What is the remainder when n(1) is divided by v(3)?
19
Let d(q) be the first derivative of q**3/3 + 3*q**2/2 - 2*q + 2. Let a be d(-3). Calculate the remainder when (19 - a) + -3 + 1 is divided by 10.
9
Let n(m) = -4*m**3 - 7*m**2 + 3*m + 13. What is the remainder when 292 is divided by n(-3)?
47
Let y = 3 - 1. What is the remainder when 15/y + (-1)/2 is divided by 65/20 + (-1)/4?
1
Let w = -13 + 4. Let n = 12 + w. Calculate the remainder when 3 is divided by n.
0
Let g(s) = s**2 - 3*s - 1. Suppose 0*p = 2*p. Suppose -2*u + 98 = -p*u. Calculate the remainder whe